{"id":39,"date":"2020-05-09T13:57:37","date_gmt":"2020-05-09T11:57:37","guid":{"rendered":"http:\/\/telescapade.com\/?page_id=39"},"modified":"2020-05-10T20:13:59","modified_gmt":"2020-05-10T18:13:59","slug":"culture","status":"publish","type":"page","link":"http:\/\/telescapade.com\/index.php\/accueil\/culture\/","title":{"rendered":"CULTURE"},"content":{"rendered":"<p><strong>R\u00e9inventons ensemble les spectacles culturels de demain<\/strong><\/p>\n<p>Les spectacles culturels de demain devront s&rsquo;adapter aux nouvelles crises qui bouleversent les manifestations accueillant du public.<\/p>\n<p>Soci\u00e9t\u00e9s \u00e9v\u00e9nementielles,\u00a0 lieux culturels, collectivit\u00e9s territoriales, artistes, intermittents du spectacle, devront s&rsquo;adapter \u00e0 cette nouvelle situation en proposant des offres innovantes bas\u00e9es sur les nouvelles technologies, les nouveaux moyens de captation, de communication, d\u2019interactions avec le public, de storytelling et de mod\u00e8les \u00e9conomiques.<\/p>\n<p>Le digital, le virtuel et les retransmissions en direct devront proposer de nouvelles exp\u00e9riences utilisateurs.<\/p>\n<p>L&rsquo;\u00e9quipe de Telescapade est \u00e0 votre \u00e9coute si vous souhaitez b\u00e2tir\u00a0 avec nous la culture 3.0.<\/p>\n<hr \/>\n<p><strong>Ils nous soutiennent<\/strong><\/p>\n<p><img loading=\"lazy\" decoding=\"async\" class=\"size-full wp-image-280 aligncenter\" src=\"http:\/\/telescapade.com\/wp-content\/uploads\/2020\/05\/CVDL.png\" alt=\"CVDL\" width=\"298\" height=\"169\" \/><\/p>\n","protected":false},"excerpt":{"rendered":"<p>R\u00e9inventons ensemble les spectacles culturels de demain Les spectacles culturels de demain devront s&rsquo;adapter aux nouvelles crises qui bouleversent les manifestations accueillant du public. Soci\u00e9t\u00e9s \u00e9v\u00e9nementielles,\u00a0 lieux culturels, collectivit\u00e9s territoriales, artistes, intermittents du spectacle, devront s&rsquo;adapter \u00e0 cette nouvelle situation en proposant des offres innovantes bas\u00e9es sur les nouvelles technologies, les nouveaux moyens de captation, &hellip; <a href=\"http:\/\/telescapade.com\/index.php\/accueil\/culture\/\" class=\"more-link\">Continuer la lecture de <span class=\"screen-reader-text\">CULTURE<\/span>  <span class=\"meta-nav\">&rarr;<\/span><\/a><\/p>\n","protected":false},"author":1,"featured_media":78,"parent":2,"menu_order":0,"comment_status":"closed","ping_status":"closed","template":"","meta":{"footnotes":""},"_links":{"self":[{"href":"http:\/\/telescapade.com\/index.php\/wp-json\/wp\/v2\/pages\/39"}],"collection":[{"href":"http:\/\/telescapade.com\/index.php\/wp-json\/wp\/v2\/pages"}],"about":[{"href":"http:\/\/telescapade.com\/index.php\/wp-json\/wp\/v2\/types\/page"}],"author":[{"embeddable":true,"href":"http:\/\/telescapade.com\/index.php\/wp-json\/wp\/v2\/users\/1"}],"replies":[{"embeddable":true,"href":"http:\/\/telescapade.com\/index.php\/wp-json\/wp\/v2\/comments?post=39"}],"version-history":[{"count":5,"href":"http:\/\/telescapade.com\/index.php\/wp-json\/wp\/v2\/pages\/39\/revisions"}],"predecessor-version":[{"id":283,"href":"http:\/\/telescapade.com\/index.php\/wp-json\/wp\/v2\/pages\/39\/revisions\/283"}],"up":[{"embeddable":true,"href":"http:\/\/telescapade.com\/index.php\/wp-json\/wp\/v2\/pages\/2"}],"wp:featuredmedia":[{"embeddable":true,"href":"http:\/\/telescapade.com\/index.php\/wp-json\/wp\/v2\/media\/78"}],"wp:attachment":[{"href":"http:\/\/telescapade.com\/index.php\/wp-json\/wp\/v2\/media?parent=39"}],"curies":[{"name":"wp","href":"https:\/\/api.w.org\/{rel}","templated":true}]}}