{"id":305,"date":"2020-05-10T23:43:03","date_gmt":"2020-05-10T21:43:03","guid":{"rendered":"http:\/\/telescapade.com\/?page_id=305"},"modified":"2020-05-11T11:38:06","modified_gmt":"2020-05-11T09:38:06","slug":"industrie","status":"publish","type":"page","link":"http:\/\/telescapade.com\/index.php\/industrie\/","title":{"rendered":"INDUSTRIE"},"content":{"rendered":"<p><iframe loading=\"lazy\" width=\"474\" height=\"267\" src=\"https:\/\/www.youtube.com\/embed\/IviMMHfxWuo?feature=oembed\" frameborder=\"0\" allow=\"accelerometer; autoplay; encrypted-media; gyroscope; picture-in-picture\" allowfullscreen><\/iframe><\/p>\n<p><strong>R\u00e9inventons ensemble une communication mobile pour l&rsquo;industrie<br \/>\n<\/strong><\/p>\n<p>De nombreuses activit\u00e9s professionnelles (BTP, \u00e9nergie, agriculture, secteur forestier &#8230; ) se d\u00e9roulent en milieu ext\u00e9rieur. Les op\u00e9rateurs en mobilit\u00e9 sur le terrain souhaitant\u00a0 \u00e9changer avec les ing\u00e9nieurs et managers rest\u00e9s au bureau ne peuvent actuellement pas partager diff\u00e9rents points de vue (vision subjective, macro, thermique &#8230; )\u00a0 tout en continuant leurs op\u00e9rations techniques (n\u00e9cessit\u00e9 d&rsquo;avoir les mains libres).<\/p>\n<p>Les entreprises travaillant en milieu ext\u00e9rieur pourraient rester en contact avec leurs techniciens sur le terrain pendant des travaux de r\u00e9paration, contr\u00f4le ou d&rsquo;entretien de leurs \u00e9quipements et infrastructures.<\/p>\n<p>L&rsquo;\u00e9quipe de Telescapade est \u00e0 votre \u00e9coute si vous souhaitez d\u00e9velopper avec nous des m\u00e9thodes mobiles de communication 3.0.<\/p>\n<hr \/>\n<p>&nbsp;<\/p>\n","protected":false},"excerpt":{"rendered":"<p>R\u00e9inventons ensemble une communication mobile pour l&rsquo;industrie De nombreuses activit\u00e9s professionnelles (BTP, \u00e9nergie, agriculture, secteur forestier &#8230; ) se d\u00e9roulent en milieu ext\u00e9rieur. Les op\u00e9rateurs en mobilit\u00e9 sur le terrain souhaitant\u00a0 \u00e9changer avec les ing\u00e9nieurs et managers rest\u00e9s au bureau ne peuvent actuellement pas partager diff\u00e9rents points de vue (vision subjective, macro, thermique &#8230; )\u00a0 &hellip; <a href=\"http:\/\/telescapade.com\/index.php\/industrie\/\" class=\"more-link\">Continuer la lecture de <span class=\"screen-reader-text\">INDUSTRIE<\/span>  <span class=\"meta-nav\">&rarr;<\/span><\/a><\/p>\n","protected":false},"author":1,"featured_media":306,"parent":0,"menu_order":0,"comment_status":"closed","ping_status":"closed","template":"","meta":{"footnotes":""},"_links":{"self":[{"href":"http:\/\/telescapade.com\/index.php\/wp-json\/wp\/v2\/pages\/305"}],"collection":[{"href":"http:\/\/telescapade.com\/index.php\/wp-json\/wp\/v2\/pages"}],"about":[{"href":"http:\/\/telescapade.com\/index.php\/wp-json\/wp\/v2\/types\/page"}],"author":[{"embeddable":true,"href":"http:\/\/telescapade.com\/index.php\/wp-json\/wp\/v2\/users\/1"}],"replies":[{"embeddable":true,"href":"http:\/\/telescapade.com\/index.php\/wp-json\/wp\/v2\/comments?post=305"}],"version-history":[{"count":10,"href":"http:\/\/telescapade.com\/index.php\/wp-json\/wp\/v2\/pages\/305\/revisions"}],"predecessor-version":[{"id":328,"href":"http:\/\/telescapade.com\/index.php\/wp-json\/wp\/v2\/pages\/305\/revisions\/328"}],"wp:featuredmedia":[{"embeddable":true,"href":"http:\/\/telescapade.com\/index.php\/wp-json\/wp\/v2\/media\/306"}],"wp:attachment":[{"href":"http:\/\/telescapade.com\/index.php\/wp-json\/wp\/v2\/media?parent=305"}],"curies":[{"name":"wp","href":"https:\/\/api.w.org\/{rel}","templated":true}]}}