{"id":237,"date":"2020-05-10T16:35:45","date_gmt":"2020-05-10T14:35:45","guid":{"rendered":"http:\/\/telescapade.com\/?page_id=237"},"modified":"2020-05-11T21:41:45","modified_gmt":"2020-05-11T19:41:45","slug":"patrimoine","status":"publish","type":"page","link":"http:\/\/telescapade.com\/index.php\/accueil\/patrimoine\/","title":{"rendered":"PATRIMOINE"},"content":{"rendered":"<p><strong>R\u00e9inventons ensemble la sauvegarde du patrimoine de demain<\/strong><\/p>\n<p>Les d\u00e9fenseurs du patrimoine culturel, architectural, naturel, &#8230; devront trouver de nouveaux moyens de d\u00e9couverte, de sensibilisation et de financement pour communiquer, restaurer et pr\u00e9server les patrimoines locaux, r\u00e9gionaux et nationaux.<\/p>\n<p>Avec la baisse des budgets et des fonds allou\u00e9s \u00e0 la pr\u00e9servation du patrimoine au sens large, les collectivit\u00e9s territoriales et les associations doivent trouver des moyens innovants bas\u00e9s sur les nouveaux outils de communication et de financements participatifs pour pouvoir sauvegarder ce patrimoine en p\u00e9ril.<\/p>\n<p>L&rsquo;\u00e9quipe de Telescapade est \u00e0 votre \u00e9coute si vous souhaitez b\u00e2tir\u00a0 avec nous une d\u00e9couverte du patrimoine 3.0.<\/p>\n<hr \/>\n<p><strong>Ils nous soutiennent<\/strong><\/p>\n<p><img loading=\"lazy\" decoding=\"async\" class=\"size-full wp-image-280 aligncenter\" src=\"http:\/\/telescapade.com\/wp-content\/uploads\/2020\/05\/CVDL.png\" alt=\"CVDL\" width=\"298\" height=\"169\" \/><\/p>\n","protected":false},"excerpt":{"rendered":"<p>R\u00e9inventons ensemble la sauvegarde du patrimoine de demain Les d\u00e9fenseurs du patrimoine culturel, architectural, naturel, &#8230; devront trouver de nouveaux moyens de d\u00e9couverte, de sensibilisation et de financement pour communiquer, restaurer et pr\u00e9server les patrimoines locaux, r\u00e9gionaux et nationaux. Avec la baisse des budgets et des fonds allou\u00e9s \u00e0 la pr\u00e9servation du patrimoine au sens &hellip; <a href=\"http:\/\/telescapade.com\/index.php\/accueil\/patrimoine\/\" class=\"more-link\">Continuer la lecture de <span class=\"screen-reader-text\">PATRIMOINE<\/span>  <span class=\"meta-nav\">&rarr;<\/span><\/a><\/p>\n","protected":false},"author":1,"featured_media":243,"parent":2,"menu_order":0,"comment_status":"closed","ping_status":"closed","template":"","meta":{"footnotes":""},"_links":{"self":[{"href":"http:\/\/telescapade.com\/index.php\/wp-json\/wp\/v2\/pages\/237"}],"collection":[{"href":"http:\/\/telescapade.com\/index.php\/wp-json\/wp\/v2\/pages"}],"about":[{"href":"http:\/\/telescapade.com\/index.php\/wp-json\/wp\/v2\/types\/page"}],"author":[{"embeddable":true,"href":"http:\/\/telescapade.com\/index.php\/wp-json\/wp\/v2\/users\/1"}],"replies":[{"embeddable":true,"href":"http:\/\/telescapade.com\/index.php\/wp-json\/wp\/v2\/comments?post=237"}],"version-history":[{"count":5,"href":"http:\/\/telescapade.com\/index.php\/wp-json\/wp\/v2\/pages\/237\/revisions"}],"predecessor-version":[{"id":351,"href":"http:\/\/telescapade.com\/index.php\/wp-json\/wp\/v2\/pages\/237\/revisions\/351"}],"up":[{"embeddable":true,"href":"http:\/\/telescapade.com\/index.php\/wp-json\/wp\/v2\/pages\/2"}],"wp:featuredmedia":[{"embeddable":true,"href":"http:\/\/telescapade.com\/index.php\/wp-json\/wp\/v2\/media\/243"}],"wp:attachment":[{"href":"http:\/\/telescapade.com\/index.php\/wp-json\/wp\/v2\/media?parent=237"}],"curies":[{"name":"wp","href":"https:\/\/api.w.org\/{rel}","templated":true}]}}