{"id":184,"date":"2020-05-10T14:07:38","date_gmt":"2020-05-10T12:07:38","guid":{"rendered":"http:\/\/telescapade.com\/?page_id=184"},"modified":"2020-05-13T19:21:24","modified_gmt":"2020-05-13T17:21:24","slug":"vision","status":"publish","type":"page","link":"http:\/\/telescapade.com\/index.php\/accueil\/vision\/","title":{"rendered":"VISION"},"content":{"rendered":"<section class=\"elementor-element elementor-element-5f002a9 elementor-section-boxed elementor-section-height-default elementor-section-height-default elementor-section elementor-top-section\" data-id=\"5f002a9\" data-element_type=\"section\">\n<div class=\"elementor-container elementor-column-gap-default\">\n<div class=\"elementor-row\">\n<div class=\"elementor-element elementor-element-495f521 elementor-column elementor-col-100 elementor-top-column\" data-id=\"495f521\" data-element_type=\"column\">\n<div class=\"elementor-column-wrap elementor-element-populated\">\n<div class=\"elementor-widget-wrap\">\n<div class=\"elementor-element elementor-element-79bf809 elementor-widget elementor-widget-heading\" data-id=\"79bf809\" data-element_type=\"heading.default\">\n<div class=\"elementor-widget-container\">\n<h3>Connecter les professionnels sur le terrain aux internautes, en direct !<\/h3>\n<\/div>\n<\/div>\n<\/div>\n<\/div>\n<\/div>\n<\/div>\n<\/div>\n<\/section>\n<section class=\"elementor-element elementor-element-77c97bf elementor-section-boxed elementor-section-height-default elementor-section-height-default elementor-section elementor-top-section\" data-id=\"77c97bf\" data-element_type=\"section\">\n<div class=\"elementor-container elementor-column-gap-default\"><\/div>\n<\/section>\n<section class=\"elementor-element elementor-element-76f8e70 elementor-section-boxed elementor-section-height-default elementor-section-height-default elementor-section elementor-top-section\" data-id=\"76f8e70\" data-element_type=\"section\">\n<div class=\"elementor-container elementor-column-gap-default\">\n<div class=\"elementor-row\">\n<div class=\"elementor-element elementor-element-6720f35 elementor-column elementor-col-100 elementor-top-column\" data-id=\"6720f35\" data-element_type=\"column\">\n<div class=\"elementor-column-wrap elementor-element-populated\">\n<div class=\"elementor-widget-wrap\">\n<div class=\"elementor-element elementor-element-6cc0684 elementor-widget elementor-widget-text-editor\" data-id=\"6cc0684\" data-element_type=\"text-editor.default\">\n<div class=\"elementor-widget-container\">\n<div class=\"elementor-text-editor elementor-clearfix\">\n<p>Nos solutions nomades et portatives permettent aux acteurs en action sur le terrain, de partager facilement leurs exp\u00e9riences en toute mobilit\u00e9 quelques soient le type d\u2019environnement : subaquatique, nautique, terrestre, a\u00e9rien\u2026 Plongeurs sous-marins, kite-sufers, snowboardeurs, parapentistes, v\u00e9t\u00e9tistes, aventuriers, explorateurs,\u00a0 guides touristiques, \u2026 peuvent enfin ouvrir leurs activit\u00e9s ou explorations aux internautes de mani\u00e8re immersive, interactive et en temps r\u00e9el.<\/p>\n<p>Les internautes, spectateurs actifs de vos \u00e9v\u00e9nements, confortablement install\u00e9 sur leurs canap\u00e9s, peuvent s\u2019immerger dans les exp\u00e9riences les plus diversifi\u00e9es, en direct. Les internautes sont \u00ab\u00a0<strong>t\u00e9l\u00e9port\u00e9s <\/strong>\u00bb au c\u0153ur de vos \u00e9v\u00e9nements, de plonger virtuellement au c\u0153ur de l\u2019action et de vivre par procuration vos activit\u00e9s, explorations, exploits et d\u00e9couvertes<strong> en temps-r\u00e9el\u00a0 <\/strong>et de pouvoir interagir avec vous ou avec les autres membres connect\u00e9s.<em><strong><br \/>\n<\/strong><\/em><\/p>\n<p>L\u2019av\u00e8nement du digital, des r\u00e9alit\u00e9s virtuelles et augment\u00e9es, du streaming en direct et des r\u00e9seaux sociaux permet aux professionnels de partager leurs exp\u00e9riences au plus grand nombre par internet. Des \u00e9v\u00e9nements organis\u00e9s par ces professionnels, en association avec nos \u00e9quipes, permettront une v\u00e9ritable exp\u00e9rience sensorielle et immersive aux internautes connect\u00e9s \u00e0 notre plateforme.<\/p>\n<p>&nbsp;<\/p>\n<\/div>\n<\/div>\n<\/div>\n<\/div>\n<\/div>\n<\/div>\n<\/div>\n<\/div>\n<\/section>\n","protected":false},"excerpt":{"rendered":"<p>Connecter les professionnels sur le terrain aux internautes, en direct ! Nos solutions nomades et portatives permettent aux acteurs en action sur le terrain, de partager facilement leurs exp\u00e9riences en toute mobilit\u00e9 quelques soient le type d\u2019environnement : subaquatique, nautique, terrestre, a\u00e9rien\u2026 Plongeurs sous-marins, kite-sufers, snowboardeurs, parapentistes, v\u00e9t\u00e9tistes, aventuriers, explorateurs,\u00a0 guides touristiques, \u2026 peuvent enfin &hellip; <a href=\"http:\/\/telescapade.com\/index.php\/accueil\/vision\/\" class=\"more-link\">Continuer la lecture de <span class=\"screen-reader-text\">VISION<\/span>  <span class=\"meta-nav\">&rarr;<\/span><\/a><\/p>\n","protected":false},"author":1,"featured_media":415,"parent":2,"menu_order":0,"comment_status":"closed","ping_status":"closed","template":"","meta":{"footnotes":""},"_links":{"self":[{"href":"http:\/\/telescapade.com\/index.php\/wp-json\/wp\/v2\/pages\/184"}],"collection":[{"href":"http:\/\/telescapade.com\/index.php\/wp-json\/wp\/v2\/pages"}],"about":[{"href":"http:\/\/telescapade.com\/index.php\/wp-json\/wp\/v2\/types\/page"}],"author":[{"embeddable":true,"href":"http:\/\/telescapade.com\/index.php\/wp-json\/wp\/v2\/users\/1"}],"replies":[{"embeddable":true,"href":"http:\/\/telescapade.com\/index.php\/wp-json\/wp\/v2\/comments?post=184"}],"version-history":[{"count":6,"href":"http:\/\/telescapade.com\/index.php\/wp-json\/wp\/v2\/pages\/184\/revisions"}],"predecessor-version":[{"id":418,"href":"http:\/\/telescapade.com\/index.php\/wp-json\/wp\/v2\/pages\/184\/revisions\/418"}],"up":[{"embeddable":true,"href":"http:\/\/telescapade.com\/index.php\/wp-json\/wp\/v2\/pages\/2"}],"wp:featuredmedia":[{"embeddable":true,"href":"http:\/\/telescapade.com\/index.php\/wp-json\/wp\/v2\/media\/415"}],"wp:attachment":[{"href":"http:\/\/telescapade.com\/index.php\/wp-json\/wp\/v2\/media?parent=184"}],"curies":[{"name":"wp","href":"https:\/\/api.w.org\/{rel}","templated":true}]}}